 is 1044442 - 112?
1044330
In base 8, what is -62554 - 15?
-62571
In base 15, what is -1b - -28b?
270
In base 11, what is 5 - -8701?
8706
In base 7, what is -606316 + 32?
-606254
In base 14, what is -c8ca + 4?
-c8c6
In base 11, what is -1a43 - -34?
-1a0a
In base 16, what is -7e4 + -19?
-7fd
In base 2, what is 1110000110101010 + -100?
1110000110100110
In base 15, what is -1334 - -2d?
-1306
In base 15, what is -478 + -31?
-4a9
In base 5, what is -211 + -4443420?
-4444131
In base 3, what is 121010 - -1012?
122022
In base 7, what is -152 - 4055?
-4240
In base 7, what is 414 + 6353?
10100
In base 6, what is -10114 + 3000?
-3114
In base 4, what is -220 - -100203?
33323
In base 2, what is 10001 + -100100000111100?
-100100000101011
In base 14, what is 29 - -7750?
7779
In base 15, what is -b579c + 4?
-b5798
In base 2, what is 10000011 + -10001001010?
-1111000111
In base 8, what is 4617 - 25?
4572
In base 5, what is -442 + -413341?
-414333
In base 8, what is -1 - 53471?
-53472
In base 8, what is -46221 - 30?
-46251
In base 12, what is 3 + -19?
-16
In base 6, what is 12230 + 111?
12341
In base 3, what is 11001000210 - 2021?
11000221112
In base 8, what is -11216 - 30?
-11246
In base 5, what is 34024 + -1?
34023
In base 13, what is 1 + -20957?
-20956
In base 8, what is 101644 + 1?
101645
In base 2, what is -111011011011111 + -101?
-111011011100100
In base 2, what is -110011101 + 10110?
-110000111
In base 5, what is 24 - 1004232?
-1004203
In base 5, what is -14201234 - 23?
-14201312
In base 11, what is 5236 + 44?
527a
In base 15, what is -5 + -3ea24?
-3ea29
In base 3, what is -100 - 210020102?
-210020202
In base 6, what is -23211154 + 4?
-23211150
In base 2, what is 100 - 10101101001110010111?
-10101101001110010011
In base 2, what is 111000110111010 + -1101?
111000110101101
In base 12, what is -555b7 + 3?
-555b4
In base 13, what is -256b - -6?
-2565
In base 16, what is -218f7 + 4?
-218f3
In base 7, what is 2 + 34126?
34131
In base 13, what is 18c1 - -13?
1904
In base 9, what is 2 + -1123766?
-1123764
In base 7, what is -131 - -4230?
4066
In base 10, what is -1 + -5477?
-5478
In base 6, what is 354 - 103?
251
In base 11, what is 5a48 - 1a4?
5854
In base 7, what is -406521 + 0?
-406521
In base 11, what is -13 - -2442?
242a
In base 4, what is -311110231332 - -3?
-311110231323
In base 16, what is 202f1 - 2?
202ef
In base 16, what is 1 + -1d75?
-1d74
In base 9, what is 51 - -86642?
86703
In base 14, what is 4 + 1494c3?
1494c7
In base 13, what is 3 + -1609b?
-16098
In base 16, what is 1245 - b?
123a
In base 10, what is -1193 + -40?
-1233
In base 11, what is -315 + 10?
-305
In base 15, what is 42 - 47?
-5
In base 13, what is -13b + -13b?
-279
In base 9, what is -22 + 187247?
187225
In base 4, what is 130212 + -101230?
22322
In base 6, what is 204 - -2020?
2224
In base 2, what is -11001 + -101110111110111?
-101111000010000
In base 5, what is 3 - -124224242?
124224300
In base 16, what is 42ad - 17?
4296
In base 12, what is 6 + -1416?
-1410
In base 14, what is 925 + -15?
910
In base 6, what is 140152 - 1?
140151
In base 8, what is -560 - -37?
-521
In base 9, what is 661041 + -5?
661035
In base 9, what is -14001 + -170?
-14171
In base 15, what is -9 + 348?
33e
In base 9, what is -680 + 71?
-608
In base 3, what is -11020210 + 22?
-11020111
In base 7, what is 5 + -3135220?
-3135212
In base 8, what is -20136 + 5?
-20131
In base 6, what is -2 + -3515043?
-3515045
In base 14, what is 3 - 959d7?
-959d4
In base 3, what is -11 + -1110112022201?
-1110112022212
In base 12, what is -2 + -49ab?
-49b1
In base 12, what is 40 - -161a6?
16226
In base 9, what is 40 + 1146?
1186
In base 16, what is 3d + c6d7?
c714
In base 13, what is 54c1 + -3?
54bb
In base 16, what is 4c1 - -d?
4ce
In base 9, what is -5122 - -313?
-4708
In base 12, what is -47a8 + -2?
-47aa
In base 11, what is 2 + -8a0?
-899
In base 5, what is 2043133 - 3?
2043130
In base 11, what is 25 - 1803?
-1789
In base 2, what is 1100000 + -1010111100?
-1001011100
In base 10, what is -832 + -52?
-884
In base 9, what is 1047 + -14?
1033
In base 12, what is -17 + 7280?
7265
In base 12, what is -94b3 + -12?
-9505
In base 11, what is 1 - -234?
235
In base 8, what is -2356 - -2045?
-311
In base 5, what is -4031333412 + 2?
-4031333410
In base 4, what is -3133 + -231?
-10030
In base 10, what is -21 + -3076?
-3097
In base 3, what is -100 + 1102211201?
1102211101
In base 10, what is -4939 - 14?
-4953
In base 10, what is 2345 - 12?
2333
In base 16, what is 33 - 8?
2b
In base 5, what is -130044 + -220?
-130314
In base 11, what is -236924 + -18?
-236941
In base 14, what is 114 - -47?
15b
In base 16, what is -4 - 95f1?
-95f5
In base 10, what is 162 - 1074?
-912
In base 6, what is -4 + -35244?
-35252
In base 12, what is 7b186 - 2?
7b184
In base 13, what is -403ca1 - -2?
-403c9c
In base 12, what is -21b + -47?
-266
In base 2, what is -1010000011000000010 + -100?
-1010000011000000110
In base 9, what is 84 + -1184?
-1100
In base 4, what is 231021 + 210?
231231
In base 10, what is 8763305 - 3?
8763302
In base 8, what is 1 + 3743774?
3743775
In base 11, what is 1 - 31067?
-31066
In base 9, what is 58 + -6061?
-6002
In base 6, what is -1341 + 150?
-1151
In base 13, what is 19 - aa3?
-a87
In base 6, what is 134454 + -2?
134452
In base 3, what is 102 + -2100120112?
-2100120010
In base 3, what is 120022000222 - -12?
120022001011
In base 10, what is 2 - -673435?
673437
In base 4, what is -10 - -13023201?
13023131
In base 15, what is -4 - -148b74?
148b70
In base 5, what is -20 - 20?
-40
In base 8, what is -4 + -351416?
-351422
In base 12, what is -b8a + -19a?
-1168
In base 15, what is 3 + 321b?
321e
In base 14, what is 56571 - 0?
56571
In base 10, what is 449 - -1688?
2137
In base 8, what is 37 + -3231?
-3172
In base 5, what is -210210 + -32?
-210242
In base 10, what is -7200 - 12?
-7212
In base 3, what is 11211 + 20121?
102102
In base 10, what is 5 + 19415?
19420
In base 15, what is 267b + 8?
2684
In base 16, what is 4 - 2a027?
-2a023
In base 7, what is 60206 - -14?
60223
In base 15, what is -d79d4 + 3?
-d79d1
In base 16, what is 6 + 6ca6?
6cac
In base 12, what is -276a8 + -2?
-276aa
In base 5, what is -31024202 - 13?
-31024220
In base 4, what is -20210 + 11?
-20133
In base 2, what is 1111 - -1101001010000?
1101001011111
In base 4, what is 2 + 332130?
332132
In base 3, what is -100112102 + 111000?
-100001102
In base 7, what is -226 - 41316?
-41545
In base 12, what is b16aa - 1?
b16a9
In base 16, what is -28fbb - 0?
-28fbb
In base 5, what is -11141 + -311?
-12002
In base 10, what is -63487 - 1?
-63488
In base 3, what is -1020021 - -10011?
-1010010
In base 9, what is 3280 - 83?
3186
In base 5, what is 314003 - -130?
314133
In base 10, what is -22 + 932?
910
In base 13, what is -1 - c408?
-c409
In base 7, what is -11046 + 33?
-11013
In base 15, what is -2cd + -129?
-407
In base 2, what is 0 + -1111010110100001000?
-1111010110100001000
In base 10, what is -15 + -13150?
-13165
In base 5, what is 241103130 - 2?
241103123
In base 16, what is -26bc - 6d?
-2729
In base 6, what is 2411 - -205?
3020
In base 15, what is -7a + 63ee?
6374
In base 10, what is -7010 - 0?
-7010
In base 6, what is 32050 + -122?
31524
In base 6, what is 145030 - 1?
145025
In base 6, what is 11554104 + 11?
11554115
In base 11, what is -1 - 174162?
-174163
In base 4, what is 2123222 - 11?
2123211
In base 12, what is -15 - -619?
604
In base 6, what is -5 + 15430531?
15430522
In base 7, what is -5 + 450103?
450065
In base 10, what is -15 + 13188?
13173
In base 5, what is 41303 + 33?
41341
In base 11, what is 85 - 5?
80
In base 9, what is 1355788 + 11?
1355810
In base 14, what is 107 - -480b?
4914
In base 15, what is c84b + 28?
c874
In base 2, what is 11111101 + -10010100101?
-1110101000
In base 15, what is 33 - ca6?
-c73
In base 12, what is 1300 + 14?
1314
In base 5, what is -1024122 - -2012?
-1022110
In base 4, what is -231303 + -1020?
-232323
In base 7, what is -423551 + -4?
-423555
In base 15, what is -3900d2 - -2?
-3900d0
In base 13, what is -3 - -34734?
34731
In base 11, what is -2667 + -23?
-268a
In base 2, what is 100 + 10010111101010?
10010111101110
In base 4, what is -1211210 - -112?
-1211032
In base 9, what is -5654 + -4?
-5658
In base 2, what is -1001000010111010110101 - 1?
-